{"id":6151,"date":"2025-04-15T21:08:10","date_gmt":"2025-04-15T19:08:10","guid":{"rendered":"https:\/\/santacolomadecervello.polis.cat\/pregunta-rapida\/los-impuestos-suben-o-bajan\/"},"modified":"2025-07-02T21:00:44","modified_gmt":"2025-07-02T19:00:44","slug":"los-impuestos-suben-o-bajan","status":"publish","type":"pregunta-rapida","link":"https:\/\/pressupostos.santacolomadecervello.cat\/es\/pregunta-rapida\/los-impuestos-suben-o-bajan\/","title":{"rendered":"\u00bfLos impuestos suben o bajan?"},"content":{"rendered":"\n<p>En conjunto, la recaudaci\u00f3n prevista por impuestos y tasas municipales <mark style=\"background-color:rgba(0, 0, 0, 0)\" class=\"has-inline-color has-power-blue-color\">se reduce un 0,48%<\/mark>. Destaca la disminuci\u00f3n sobre la tasa de residuos y en el impuesto de plusval\u00edas, mientras que el impuesto sobre bienes inmuebles (IBI) solo crece como la inflaci\u00f3n del a\u00f1o anterior. <\/p>\n","protected":false},"featured_media":0,"parent":0,"template":"","class_list":["post-6151","pregunta-rapida","type-pregunta-rapida","status-publish","hentry"],"acf":[],"_links":{"self":[{"href":"https:\/\/pressupostos.santacolomadecervello.cat\/es\/wp-json\/wp\/v2\/pregunta-rapida\/6151"}],"collection":[{"href":"https:\/\/pressupostos.santacolomadecervello.cat\/es\/wp-json\/wp\/v2\/pregunta-rapida"}],"about":[{"href":"https:\/\/pressupostos.santacolomadecervello.cat\/es\/wp-json\/wp\/v2\/types\/pregunta-rapida"}],"wp:attachment":[{"href":"https:\/\/pressupostos.santacolomadecervello.cat\/es\/wp-json\/wp\/v2\/media?parent=6151"}],"curies":[{"name":"wp","href":"https:\/\/api.w.org\/{rel}","templated":true}]}}

<p>En conjunto, la recaudación prevista por impuestos y tasas municipales <mark style="background-color:rgba(0, 0, 0, 0)" class="has-inline-color has-power-blue-color">se reduce un 0,48%</mark>. Destaca la disminución sobre la tasa de residuos y en el impuesto de plusvalías, mientras que el impuesto sobre bienes inmuebles (IBI) solo crece como la inflación del año anterior. </p>
