{"id":6159,"date":"2024-10-01T18:12:49","date_gmt":"2024-10-01T16:12:49","guid":{"rendered":"https:\/\/santacolomadecervello.polis.cat\/pregunta-rapida\/cuanto-se-ingresa-con-la-tasa-de-terrazas\/"},"modified":"2025-07-02T21:09:36","modified_gmt":"2025-07-02T19:09:36","slug":"cuanto-se-ingresa-con-la-tasa-de-terrazas","status":"publish","type":"pregunta-rapida","link":"https:\/\/pressupostos.santacolomadecervello.cat\/es\/pregunta-rapida\/cuanto-se-ingresa-con-la-tasa-de-terrazas\/","title":{"rendered":"\u00bfCu\u00e1nto se ingresa con la tasa de terrazas?"},"content":{"rendered":"\n<p>El presupuesto prev\u00e9 <mark style=\"background-color:rgba(0, 0, 0, 0)\" class=\"has-inline-color has-power-blue-color\">31.234<\/mark> euros en ingresos de la tasa por ocupaci\u00f3n de la v\u00eda p\u00fablica con terrazas, en 2025, un 11,2% menos que el a\u00f1o anterior.<\/p>\n","protected":false},"featured_media":0,"parent":0,"template":"","class_list":["post-6159","pregunta-rapida","type-pregunta-rapida","status-publish","hentry"],"acf":[],"_links":{"self":[{"href":"https:\/\/pressupostos.santacolomadecervello.cat\/es\/wp-json\/wp\/v2\/pregunta-rapida\/6159"}],"collection":[{"href":"https:\/\/pressupostos.santacolomadecervello.cat\/es\/wp-json\/wp\/v2\/pregunta-rapida"}],"about":[{"href":"https:\/\/pressupostos.santacolomadecervello.cat\/es\/wp-json\/wp\/v2\/types\/pregunta-rapida"}],"wp:attachment":[{"href":"https:\/\/pressupostos.santacolomadecervello.cat\/es\/wp-json\/wp\/v2\/media?parent=6159"}],"curies":[{"name":"wp","href":"https:\/\/api.w.org\/{rel}","templated":true}]}}

¿Cuánto se ingresa con la tasa de terrazas?

<p>El presupuesto prevé <mark style="background-color:rgba(0, 0, 0, 0)" class="has-inline-color has-power-blue-color">31.234</mark> euros en ingresos de la tasa por ocupación de la vía pública con terrazas, en 2025, un 11,2% menos que el año anterior.</p>
