{"id":6164,"date":"2025-04-15T20:25:27","date_gmt":"2025-04-15T18:25:27","guid":{"rendered":"https:\/\/santacolomadecervello.polis.cat\/pregunta-rapida\/cual-es-el-ambito-de-gasto-que-mas-crece\/"},"modified":"2025-07-02T21:14:03","modified_gmt":"2025-07-02T19:14:03","slug":"cual-es-el-ambito-de-gasto-que-mas-crece","status":"publish","type":"pregunta-rapida","link":"https:\/\/pressupostos.santacolomadecervello.cat\/es\/pregunta-rapida\/cual-es-el-ambito-de-gasto-que-mas-crece\/","title":{"rendered":"\u00bfCu\u00e1l es el \u00e1mbito de gasto que m\u00e1s crece?"},"content":{"rendered":"\n<p>El gasto previsto en <mark style=\"background-color:rgba(0, 0, 0, 0)\" class=\"has-inline-color has-power-blue-color\">cultura<\/mark> es el que m\u00e1s aumenta en 2025, en el presupuesto inicial. Lo hace en un <mark style=\"background-color:rgba(0, 0, 0, 0)\" class=\"has-inline-color has-power-blue-color\">81,7%<\/mark>, hasta los <mark style=\"background-color:rgba(0, 0, 0, 0)\" class=\"has-inline-color has-power-blue-color\">829.891<\/mark> euros. Esto se debe sobre todo a la partida destinada a la <mark style=\"background-color:rgba(0, 0, 0, 0)\" class=\"has-inline-color has-power-blue-color\">Biblioteca Pilarin Bay\u00e9s<\/mark>, que se multiplica por 4,5 y roza el medio mill\u00f3n.  <\/p>\n","protected":false},"featured_media":0,"parent":0,"template":"","class_list":["post-6164","pregunta-rapida","type-pregunta-rapida","status-publish","hentry"],"acf":[],"_links":{"self":[{"href":"https:\/\/pressupostos.santacolomadecervello.cat\/es\/wp-json\/wp\/v2\/pregunta-rapida\/6164"}],"collection":[{"href":"https:\/\/pressupostos.santacolomadecervello.cat\/es\/wp-json\/wp\/v2\/pregunta-rapida"}],"about":[{"href":"https:\/\/pressupostos.santacolomadecervello.cat\/es\/wp-json\/wp\/v2\/types\/pregunta-rapida"}],"wp:attachment":[{"href":"https:\/\/pressupostos.santacolomadecervello.cat\/es\/wp-json\/wp\/v2\/media?parent=6164"}],"curies":[{"name":"wp","href":"https:\/\/api.w.org\/{rel}","templated":true}]}}

¿Cuál es el ámbito de gasto que más crece?

<p>El gasto previsto en <mark style="background-color:rgba(0, 0, 0, 0)" class="has-inline-color has-power-blue-color">cultura</mark> es el que más aumenta en 2025, en el presupuesto inicial. Lo hace en un <mark style="background-color:rgba(0, 0, 0, 0)" class="has-inline-color has-power-blue-color">81,7%</mark>, hasta los <mark style="background-color:rgba(0, 0, 0, 0)" class="has-inline-color has-power-blue-color">829.891</mark> euros. Esto se debe sobre todo a la partida destinada a la <mark style="background-color:rgba(0, 0, 0, 0)" class="has-inline-color has-power-blue-color">Biblioteca Pilarin Bayés</mark>, que se multiplica por 4,5 y roza el medio millón.  </p>
